{"id":1294,"date":"2025-07-14T11:14:14","date_gmt":"2025-07-14T15:14:14","guid":{"rendered":"https:\/\/mrapaysagistes.com\/deneigement\/?page_id=1294"},"modified":"2025-07-15T12:22:50","modified_gmt":"2025-07-15T16:22:50","slug":"soumission","status":"publish","type":"page","link":"https:\/\/mrapaysagistes.com\/deneigement\/soumission\/","title":{"rendered":"Soumission"},"content":{"rendered":"\n<p><\/p>\n\n\n<div id=\"mra-form-wrapper\" class=\"container \">\n\t<div class=\"row equal-height\">\n\n\t\t<!-- ============================  FORMULAIRE  ============================ -->\n\t\t<div class=\"col-lg-6\">\n\t\t\t<div class=\"card shadow-lg h-100\">\n\t\t\t\t<div class=\"card-body d-flex flex-column\">\n\t\t\t\t\t<h2 class=\"card-title mb-4 text-primary text-center\">\n\t\t\t\t\t    Hiver&nbsp;2026-2027\t\t\t\t\t<\/h2>\n\n\n\n\t\t\t\t\t<form id=\"contactForm\" enctype=\"multipart\/form-data\" class=\"d-flex flex-column flex-grow-1\">\n\t\t\t\t\t\t<input type=\"hidden\" id=\"mra_nonce\" name=\"mra_nonce\" value=\"b62b3543fd\" \/><input type=\"hidden\" name=\"_wp_http_referer\" value=\"\/deneigement\/wp-json\/wp\/v2\/pages\/1294\" \/>\n\n\t\t\t\t\t\t<!-- ===== Contact ===== -->\n\t\t\t\t\t\t<h6 class=\"ntitre\">Contact&nbsp;:<\/h6>\n\t\t\t\t\t\t<div class=\"row g-3\">\n\t\t\t\t\t\t\t<div class=\"col-md-6\">\n\t\t\t\t\t\t\t\t<div class=\"form-floating\">\n\t\t\t\t\t\t\t\t\t<input type=\"text\" class=\"form-control\" id=\"prenom\" name=\"prenom\" placeholder=\"Pr\u00e9nom\" required>\n\t\t\t\t\t\t\t\t\t<label for=\"prenom\">Pr\u00e9nom <span class=\"text-danger\">*<\/span><\/label>\n\t\t\t\t\t\t\t\t<\/div>\n\t\t\t\t\t\t\t<\/div>\n\t\t\t\t\t\t\t<div class=\"col-md-6\">\n\t\t\t\t\t\t\t\t<div class=\"form-floating\">\n\t\t\t\t\t\t\t\t\t<input type=\"text\" class=\"form-control\" id=\"nom\" name=\"nom\" placeholder=\"Nom\" required>\n\t\t\t\t\t\t\t\t\t<label for=\"nom\">Nom <span class=\"text-danger\">*<\/span><\/label>\n\t\t\t\t\t\t\t\t<\/div>\n\t\t\t\t\t\t\t<\/div>\n\t\t\t\t\t\t<\/div>\n\n\t\t\t\t\t\t<div class=\"form-floating my-3\">\n\t\t\t\t\t\t\t<input type=\"text\" class=\"form-control\" id=\"entreprise\" name=\"entreprise\" placeholder=\"Entreprise\">\n\t\t\t\t\t\t\t<label for=\"entreprise\">Entreprise<\/label>\n\t\t\t\t\t\t<\/div>\n\n\t\t\t\t\t\t<div class=\"form-floating mb-3\">\n\t\t\t\t\t\t\t<input type=\"email\" class=\"form-control\" id=\"courriel\" name=\"courriel\" placeholder=\"Courriel\" required>\n\t\t\t\t\t\t\t<label for=\"courriel\">Courriel <span class=\"text-danger\">*<\/span><\/label>\n\t\t\t\t\t\t<\/div>\n\n\t\t\t\t\t\t<div class=\"form-floating mb-3\">\n\t\t\t\t\t\t\t<input type=\"tel\" class=\"form-control\" id=\"telephone\" name=\"telephone\" placeholder=\"T\u00e9l\u00e9phone\" required>\n\t\t\t\t\t\t\t<label for=\"telephone\">T\u00e9l\u00e9phone<\/label>\n\t\t\t\t\t\t<\/div>\n\n\t\t\t\t\t\t<!-- ===== Adresse travaux ===== -->\n\t\t\t\t\t\t<h6 class=\"ntitre\">Adresse des travaux et facturation&nbsp;:<\/h6>\n\t\t\t\t\t\t<div class=\"row g-3 mb-3\">\n                        \t<div class=\"col-md-8\">\n                        \t\t<div class=\"form-floating\">\n                        \t\t\t<input type=\"text\" class=\"form-control\" id=\"adresse_travaux\" name=\"adresse_travaux\" placeholder=\"Adresse\" required>\n                        \t\t\t<label for=\"adresse_travaux\">Adresse des travaux <span class=\"text-danger\">*<\/span><\/label>\n                        \t\t<\/div>\n                        \t<\/div>\n                        \t<div class=\"col-md-4\">\n                        \t\t<div class=\"form-floating\">\n                        \t\t\t<input type=\"text\" class=\"form-control\" id=\"postal_travaux\" name=\"postal_travaux\" placeholder=\"Code postal\" required>\n                        \t\t\t<label for=\"postal_travaux\">Code postal <span class=\"text-danger\">*<\/span><\/label>\n                        \t\t<\/div>\n                        \t<\/div>\n                        <\/div>\n                        <div class=\"form-floating mb-3\">\n                            <select class=\"form-select\" id=\"sujetca\" name=\"sujetca\" required>\n                                <option value=\"\"><\/option>\n                                <option value=\"OUI\">OUI<\/option>\n                                <option value=\"NON\">NON<\/option>\n                            <\/select>\n                            <label for=\"sujetca\">Adresse de facturation identique ? <span class=\"text-danger\">*<\/span><\/label>\n                        <\/div>\n\n\n\n\t\t\t\t\t\t<div class=\"hidden-field\" id=\"facturation\">\n                        \t<h6>Ajouter une adresse de facturation<\/h6>\n                        \t<div class=\"row g-3\">\n                        \t\t<div class=\"col-md-8\">\n                        \t\t\t<div class=\"form-floating dynamic-field\">\n                        \t\t\t\t<input type=\"text\" class=\"form-control\" id=\"adresse_facturation\" name=\"adresse_facturation\" placeholder=\"Adresse de facturation\">\n                        \t\t\t\t<label for=\"adresse_facturation\">Adresse de facturation <span class=\"text-danger\">*<\/span><\/label>\n                        \t\t\t<\/div>\n                        \t\t<\/div>\n                        \t\t<div class=\"col-md-4\">\n                        \t\t\t<div class=\"form-floating\">\n                        \t\t\t\t<input type=\"text\" class=\"form-control\" id=\"postal_facturation\" name=\"postal_facturation\" placeholder=\"Code postal facturation\">\n                        \t\t\t\t<label for=\"postal_facturation\">Code postal <span class=\"text-danger\">*<\/span><\/label>\n                        \t\t\t<\/div>\n                        \t\t<\/div>\n                        \t<\/div>\n                        \t<br>\n                        <\/div>\n\n\t\t\t\t\t\t<!-- ===== Type & service ===== -->\n\t\t\t\t\t\t<h6 class=\"ntitre\">Type de travaux et services&nbsp;:<\/h6>\n\t\t\t\t\t\t<div class=\"form-floating mb-3\">\n\t\t\t\t\t\t\t<select class=\"form-select\" id=\"typetravaux\" name=\"typetravaux\" required>\n\t\t\t\t\t\t\t\t<option value=\"\"><\/option>\n\t\t\t\t\t\t\t\t<option value=\"RESIDENTIEL\">RESIDENTIEL<\/option>\n\t\t\t\t\t\t\t\t<option value=\"COMMERCIAL\">COMMERCIAL<\/option>\n\t\t\t\t\t\t\t\t<option value=\"MULTIPLEX\">MULTIPLEX<\/option>\n\t\t\t\t\t\t\t\t<option value=\"INSTITUTIONEL\">INSTITUTIONEL<\/option>\n\t\t\t\t\t\t\t<\/select>\n\t\t\t\t\t\t\t<label for=\"typetravaux\">Type de travaux <span class=\"text-danger\">*<\/span><\/label>\n\t\t\t\t\t\t<\/div>\n\n\t\t\t\t\t\t<div class=\"mb-3\">\n\t\t\t\t\t\t    <label class=\"form-label d-block fw-semibold mb-2\">\n\t\t\t\t\t\t        Services requis <span class=\"text-danger\">*<\/span>\n\t\t\t\t\t\t    <\/label>\n\n\t\t\t\t\t\t    <div class=\"form-check\">\n\t\t\t\t\t\t        <input class=\"form-check-input\" type=\"checkbox\" id=\"srv1\"\n\t\t\t\t\t\t               name=\"Services[]\" value=\"1205490638225800\" >\n\t\t\t\t\t\t        <label class=\"form-check-label\" for=\"srv1\">DENEIGEMENT M\u00c9CANIQUE<\/label>\n\t\t\t\t\t\t    <\/div>\n\n\t\t\t\t\t\t    <div class=\"form-check\">\n\t\t\t\t\t\t        <input class=\"form-check-input\" type=\"checkbox\" id=\"srv2\"\n\t\t\t\t\t\t               name=\"Services[]\" value=\"1205490638225801\">\n\t\t\t\t\t\t        <label class=\"form-check-label\" for=\"srv2\">ACCES PI\u00c9TONNIERS<\/label>\n\t\t\t\t\t\t    <\/div>\n\n\t\t\t\t\t\t    <div class=\"form-check\">\n\t\t\t\t\t\t        <input class=\"form-check-input\" type=\"checkbox\" id=\"srv3\"\n\t\t\t\t\t\t               name=\"Services[]\" value=\"1205490638225802\">\n\t\t\t\t\t\t        <label class=\"form-check-label\" for=\"srv3\">\u00c9PANDAGE D'ABRASIFS<\/label>\n\t\t\t\t\t\t    <\/div>\n\n\t\t\t\t\t\t    <div class=\"form-check\">\n\t\t\t\t\t\t        <input class=\"form-check-input\" type=\"checkbox\" id=\"srv4\"\n\t\t\t\t\t\t               name=\"Services[]\" value=\"1205490638225803\">\n\t\t\t\t\t\t        <label class=\"form-check-label\" for=\"srv4\">TRANSPORT DE NEIGE<\/label>\n\t\t\t\t\t\t    <\/div>\n\n\t\t\t\t\t\t    <div class=\"form-check\">\n\t\t\t\t\t\t        <input class=\"form-check-input\" type=\"checkbox\" id=\"srv5\"\n\t\t\t\t\t\t               name=\"Services[]\" value=\"1205490638225804\">\n\t\t\t\t\t\t        <label class=\"form-check-label\" for=\"srv5\">BO\u00ceTES D'ABRASIFS<\/label>\n\t\t\t\t\t\t    <\/div>\n\n\t\t\t\t\t\t    \n\n\t\t\t\t\t\t    <div class=\"form-check\">\n\t\t\t\t\t\t        <input class=\"form-check-input\" type=\"checkbox\" id=\"srv10\"\n\t\t\t\t\t\t               name=\"Services[]\" value=\"1210515831556341\">\n\t\t\t\t\t\t        <label class=\"form-check-label\" for=\"srv10\">AUTRES<\/label>\n\t\t\t\t\t\t    <\/div>\n\t\t\t\t\t\t<\/div>\n\n\t\t\t\t\t\t<!-- ===== Type de surface ===== -->\n\t\t\t\t\t\t<div class=\"form-floating mb-3\">\n\t\t\t\t\t\t    <select class=\"form-select\" id=\"surface\" name=\"surface\" required>\n\t\t\t\t\t\t        <option value=\"\"><\/option>\n\t\t\t\t\t\t        <option value=\"ASPHALTE\">ASPHALTE<\/option>\n\t\t\t\t\t\t        <option value=\"GRAVIER\">GRAVIER<\/option>\n\t\t\t\t\t\t        <option value=\"PAVE UNI\">PAVE UNI<\/option>\n\t\t\t\t\t\t    <\/select>\n\t\t\t\t\t\t    <label for=\"surface\">Type de surface <span class=\"text-danger\">*<\/span><\/label>\n\t\t\t\t\t\t<\/div>\n\n\t\t\t\t\t\t<!-- ===== Nombre de voitures ===== -->\n\t\t\t\t\t\t<div class=\"form-floating mb-3\">\n\t\t\t\t\t\t    <select class=\"form-select\" id=\"nb_voitures\" name=\"nb_voitures\" required>\n\t\t\t\t\t\t        <option value=\"\"><\/option>\n\t\t\t\t\t\t        <option value=\"1 A 4\">1 A 4<\/option>\n\t\t\t\t\t\t        <option value=\"5 A 6\">5 A 6<\/option>\n\t\t\t\t\t\t        <option value=\"6 ET +\">6 ET +<\/option>\n\t\t\t\t\t\t    <\/select>\n\t\t\t\t\t\t    <label for=\"nb_voitures\">Nombre de voitures <span class=\"text-danger\">*<\/span><\/label>\n\t\t\t\t\t\t<\/div>\n\n\n\n\n\t\t\t\t\t\t<!-- ===== Ancien \/ nouveau client ===== -->\n\t\t\t\t\t\t<h6 class=\"ntitre\">Client existant ou nouveau&nbsp;:<\/h6>\n\t\t\t\t\t\t<div class=\"form-floating mb-3\">\n\t\t\t\t\t\t\t<select class=\"form-select\" id=\"sujetc\" name=\"sujetc\" required>\n\t\t\t\t\t\t\t\t<option value=\"\"><\/option>\n\t\t\t\t\t\t\t\t<option value=\"OUI\">OUI<\/option>\n\t\t\t\t\t\t\t\t<option value=\"NON\">NON<\/option>\n\t\t\t\t\t\t\t<\/select>\n\t\t\t\t\t\t\t<label for=\"sujetc\">Avez-vous d\u00e9j\u00e0 \u00e9t\u00e9 client(e)&nbsp;? <span class=\"text-danger\">*<\/span><\/label>\n\t\t\t\t\t\t<\/div>\n\n\t\t\t\t\t\t<div class=\"hidden-field\" id=\"ancien_client\">\n\t\t\t\t\t\t\t<h6 class=\"ntitre\">Num\u00e9ro de contrat ou adresse pr\u00e9c\u00e9dente<\/h6>\n\t\t\t\t\t\t\t<div class=\"row g-3\">\n\t\t\t\t\t\t\t\t<div class=\"col-md-4\">\n\t\t\t\t\t\t\t\t\t<div class=\"form-floating dynamic-field\">\n\t\t\t\t\t\t\t\t\t\t<input type=\"text\" class=\"form-control\" id=\"numero_contrat\" name=\"numero_contrat\" placeholder=\"Contrat\">\n\t\t\t\t\t\t\t\t\t\t<label for=\"numero_contrat\">Contrat<\/label>\n\t\t\t\t\t\t\t\t\t<\/div>\n\t\t\t\t\t\t\t\t<\/div>\n\t\t\t\t\t\t\t\t<div class=\"col-md-8\">\n\t\t\t\t\t\t\t\t\t<div class=\"form-floating dynamic-field\">\n\t\t\t\t\t\t\t\t\t\t<input type=\"text\" class=\"form-control\" id=\"aadresse\" name=\"aadresse\" placeholder=\"Adresse\">\n\t\t\t\t\t\t\t\t\t\t<label for=\"aadresse\">Adresse<\/label>\n\t\t\t\t\t\t\t\t\t<\/div>\n\t\t\t\t\t\t\t\t<\/div>\n\t\t\t\t\t\t\t<\/div>\n\t\t\t\t\t\t\t<br>\n\t\t\t\t\t\t<\/div>\n\n\t\t\t\t\t\t<!-- ===== Message & fichiers ===== -->\n\t\t\t\t\t\t<h6 class=\"ntitre\">Note ou fichiers&nbsp;:<\/h6>\n\t\t\t\t\t\t<div class=\"form-floating mb-3\">\n\t\t\t\t\t\t\t<textarea class=\"form-control\" id=\"message\" name=\"message\" placeholder=\"Message\" style=\"height:150px\"><\/textarea>\n\t\t\t\t\t\t\t<label for=\"message\">Message<\/label>\n\t\t\t\t\t\t<\/div>\n\n\t\t\t\t\t\t<div class=\"mb-3\">\n\t\t\t\t\t\t\t<label for=\"fichier\" class=\"form-label\">Joindre un ou plusieurs fichiers<\/label>\n\t\t\t\t\t\t\t<input class=\"form-control\" type=\"file\" id=\"fichier\" name=\"fichier[]\" multiple>\n\t\t\t\t\t\t<\/div>\n\n\t\t\t\t\t\t<!-- ===== Comment le client nous a connus ? ===== -->\n\t\t\t\t\t\t<div class=\"mb-3\">\n\t\t\t\t\t\t    <label class=\"form-label d-block fw-semibold mb-2\">\n\t\t\t\t\t\t        Comment vous nous avez connus&nbsp;? <span class=\"text-danger\">*<\/span>\n\t\t\t\t\t\t    <\/label>\n\n\t\t\t\t\t\t    <div class=\"form-check\">\n\t\t\t\t\t\t        <input class=\"form-check-input\" type=\"checkbox\" id=\"ref1\"\n\t\t\t\t\t\t               name=\"Reference[]\" value=\"1205490654230073\" >\n\t\t\t\t\t\t        <label class=\"form-check-label\" for=\"ref1\">\n\t\t\t\t\t\t            TRACT&nbsp;\/ PAMPHLET PAR LA POSTE\n\t\t\t\t\t\t        <\/label>\n\t\t\t\t\t\t    <\/div>\n\n\t\t\t\t\t\t    <div class=\"form-check\">\n\t\t\t\t\t\t        <input class=\"form-check-input\" type=\"checkbox\" id=\"ref2\"\n\t\t\t\t\t\t               name=\"Reference[]\" value=\"1205490654230074\">\n\t\t\t\t\t\t        <label class=\"form-check-label\" for=\"ref2\">RECHERCHE INTERNET<\/label>\n\t\t\t\t\t\t    <\/div>\n\n\t\t\t\t\t\t    <div class=\"form-check\">\n\t\t\t\t\t\t        <input class=\"form-check-input\" type=\"checkbox\" id=\"ref3\"\n\t\t\t\t\t\t               name=\"Reference[]\" value=\"1205490654230075\">\n\t\t\t\t\t\t        <label class=\"form-check-label\" for=\"ref3\">\n\t\t\t\t\t\t            R\u00c9F\u00c9RENCE D'UN CLIENT EXISTANT\n\t\t\t\t\t\t        <\/label>\n\t\t\t\t\t\t    <\/div>\n\n\t\t\t\t\t\t    <div class=\"form-check\">\n\t\t\t\t\t\t        <input class=\"form-check-input\" type=\"checkbox\" id=\"ref4\"\n\t\t\t\t\t\t               name=\"Reference[]\" value=\"1205490654230076\">\n\t\t\t\t\t\t        <label class=\"form-check-label\" for=\"ref4\">V\u00c9HICULE<\/label>\n\t\t\t\t\t\t    <\/div>\n\n\t\t\t\t\t\t    <div class=\"form-check\">\n\t\t\t\t\t\t        <input class=\"form-check-input\" type=\"checkbox\" id=\"ref5\"\n\t\t\t\t\t\t               name=\"Reference[]\" value=\"1209825679795024\">\n\t\t\t\t\t\t        <label class=\"form-check-label\" for=\"ref5\">EXPO HABITAT<\/label>\n\t\t\t\t\t\t    <\/div>\n\t\t\t\t\t\t<\/div>\n\n\n\t\t\t\t\t\t<div class=\"mt-auto\">\n\t\t\t\t\t\t\t<button type=\"submit\" class=\"btn btn-primary w-100\">Envoyer<\/button>\n\t\t\t\t\t\t<\/div>\n\t\t\t\t\t<\/form>\n\t\t\t\t<\/div>\n\t\t\t<\/div>\n\t\t<\/div>\n\n\t\t<!-- ===========================  INFO CARD  =========================== -->\n\t\t<div class=\"col-lg-6\">\n\t\t\t<div class=\"info-card shadow-lg\">\n\t\t\t\t<h3 class=\"mb-4 text-primary\">Parlez-nous en personne&nbsp;!<\/h3>\n\t\t\t\t<p>Nous sommes toujours heureux d\u2019\u00e9changer avec nos clients. Appelez-nous :<\/p>\n\n\t\t\t\t<p><strong>MRA Neige \u2013 Les Entreprises MRA Paysagistes<\/strong><\/p>\n\t\t\t\t<p>1530, boulevard Wilfrid-Hamel, suite 104, Qu\u00e9bec, QC, G1N 3Y6<\/p>\n\t\t\t\t<p><strong>T\u00e9l&nbsp;:<\/strong> <a href=\"tel:+14186815068\">(418)&nbsp;681-5068<\/a><\/p>\n\t\t\t\t<p><strong>Fax&nbsp;:<\/strong> (418)&nbsp;681-9388<\/p>\n\t\t\t\t<p><strong>Email&nbsp;:<\/strong> <a href=\"mailto:info@mraneige.com\">info@mraneige.com<\/a><\/p>\n\n\t\t\t\t<h3 class=\"mt-4 text-primary\">Horaires d\u2019ouverture<\/h3>\n\t\t\t\t<ul class=\"list-unstyled\">\n\t\t\t\t\t<li><strong>Lundi-Jeudi :<\/strong> 08 h \u2013 17 h<\/li>\n\t\t\t\t\t<li><strong>Vendredi :<\/strong> 08 h \u2013 17 h (12 h entre mi-mai et d\u00e9but septembre)<\/li>\n\t\t\t\t\t<li><strong>Samedi-Dimanche :<\/strong> Ferm\u00e9<\/li>\n\t\t\t\t\t<li><strong>Pause d\u00e9jeuner :<\/strong> 12 h \u2013 12 h 30<\/li>\n\t\t\t\t<\/ul>\n\n\t\t\t\t<div class=\"mt-auto\">\n\t\t\t\t\t<iframe\n\t\t\t\t\t\tsrc=\"https:\/\/www.google.com\/maps\/embed?pb=!1m18!1m12!1m3!1d2687.4763429304174!2d-71.270041!3d46.800219!2m3!1f0!2f0!3f0!3m2!1i1024!2i768!4f13.1!3m3!1m2!1s0x4cb8968fb9fdd61d%3A0xa03e26d4fc1a795e!2s1530%20Bd%20Wilfrid-Hamel%2C%20Qu%C3%A9bec%2C%20QC%20G1N%203Y6%2C%20Canada!5e0!3m2!1sfr!2sfr!4v1697828909272!5m2!1sfr!2sfr\"\n\t\t\t\t\t\twidth=\"100%\" height=\"1200\" style=\"border:0;\" loading=\"lazy\" allowfullscreen>\n\t\t\t\t\t<\/iframe>\n\t\t\t\t<\/div>\n\t\t\t<\/div>\n\t\t<\/div>\n\t<\/div>\n\n\t<!-- Loader -->\n\t<div class=\"loader-overlay\">\n\t\t<div class=\"spinner-border text-primary\" role=\"status\">\n\t\t\t<span class=\"visually-hidden\">Chargement\u2026<\/span>\n\t\t<\/div>\n\t<\/div>\n<\/div>\n\n\n\n\n<p><\/p>\n","protected":false},"excerpt":{"rendered":"","protected":false},"author":1,"featured_media":0,"parent":0,"menu_order":0,"comment_status":"closed","ping_status":"closed","template":"","meta":{"_monsterinsights_skip_tracking":false,"_monsterinsights_sitenote_active":false,"_monsterinsights_sitenote_note":"","_monsterinsights_sitenote_category":0,"_coblocks_attr":"","_coblocks_dimensions":"","_coblocks_responsive_height":"","_coblocks_accordion_ie_support":"","_kadence_starter_templates_imported_post":false,"_kad_post_transparent":"","_kad_post_title":"","_kad_post_layout":"","_kad_post_sidebar_id":"","_kad_post_content_style":"","_kad_post_vertical_padding":"","_kad_post_feature":"","_kad_post_feature_position":"","_kad_post_header":false,"_kad_post_footer":false,"footnotes":""},"class_list":["post-1294","page","type-page","status-publish","hentry"],"yoast_head":"<!-- This site is optimized with the Yoast SEO plugin v22.4 - https:\/\/yoast.com\/wordpress\/plugins\/seo\/ -->\n<title>Soumission - MRA Neige<\/title>\n<meta name=\"robots\" content=\"index, follow, max-snippet:-1, max-image-preview:large, max-video-preview:-1\" \/>\n<link rel=\"canonical\" href=\"https:\/\/mrapaysagistes.com\/deneigement\/soumission\/\" \/>\n<meta property=\"og:locale\" content=\"fr_FR\" \/>\n<meta property=\"og:type\" content=\"article\" \/>\n<meta property=\"og:title\" content=\"Soumission - MRA Neige\" \/>\n<meta property=\"og:url\" content=\"https:\/\/mrapaysagistes.com\/deneigement\/soumission\/\" \/>\n<meta property=\"og:site_name\" content=\"MRA Neige\" \/>\n<meta property=\"article:modified_time\" content=\"2025-07-15T16:22:50+00:00\" \/>\n<meta name=\"twitter:card\" content=\"summary_large_image\" \/>\n<meta name=\"twitter:label1\" content=\"Dur\u00e9e de lecture estim\u00e9e\" \/>\n\t<meta name=\"twitter:data1\" content=\"1 minute\" \/>\n<script type=\"application\/ld+json\" class=\"yoast-schema-graph\">{\"@context\":\"https:\/\/schema.org\",\"@graph\":[{\"@type\":\"WebPage\",\"@id\":\"https:\/\/mrapaysagistes.com\/deneigement\/soumission\/\",\"url\":\"https:\/\/mrapaysagistes.com\/deneigement\/soumission\/\",\"name\":\"Soumission - MRA Neige\",\"isPartOf\":{\"@id\":\"https:\/\/mrapaysagistes.com\/deneigement\/#website\"},\"datePublished\":\"2025-07-14T15:14:14+00:00\",\"dateModified\":\"2025-07-15T16:22:50+00:00\",\"breadcrumb\":{\"@id\":\"https:\/\/mrapaysagistes.com\/deneigement\/soumission\/#breadcrumb\"},\"inLanguage\":\"fr-FR\",\"potentialAction\":[{\"@type\":\"ReadAction\",\"target\":[\"https:\/\/mrapaysagistes.com\/deneigement\/soumission\/\"]}]},{\"@type\":\"BreadcrumbList\",\"@id\":\"https:\/\/mrapaysagistes.com\/deneigement\/soumission\/#breadcrumb\",\"itemListElement\":[{\"@type\":\"ListItem\",\"position\":1,\"name\":\"Accueil\",\"item\":\"https:\/\/mrapaysagistes.com\/deneigement\/\"},{\"@type\":\"ListItem\",\"position\":2,\"name\":\"Soumission\"}]},{\"@type\":\"WebSite\",\"@id\":\"https:\/\/mrapaysagistes.com\/deneigement\/#website\",\"url\":\"https:\/\/mrapaysagistes.com\/deneigement\/\",\"name\":\"MRA Neige\",\"description\":\"Pour une saison hivernale sans tracas\",\"publisher\":{\"@id\":\"https:\/\/mrapaysagistes.com\/deneigement\/#organization\"},\"potentialAction\":[{\"@type\":\"SearchAction\",\"target\":{\"@type\":\"EntryPoint\",\"urlTemplate\":\"https:\/\/mrapaysagistes.com\/deneigement\/?s={search_term_string}\"},\"query-input\":\"required name=search_term_string\"}],\"inLanguage\":\"fr-FR\"},{\"@type\":\"Organization\",\"@id\":\"https:\/\/mrapaysagistes.com\/deneigement\/#organization\",\"name\":\"MRA Neige\",\"url\":\"https:\/\/mrapaysagistes.com\/deneigement\/\",\"logo\":{\"@type\":\"ImageObject\",\"inLanguage\":\"fr-FR\",\"@id\":\"https:\/\/mrapaysagistes.com\/deneigement\/#\/schema\/logo\/image\/\",\"url\":\"https:\/\/mrapaysagistes.com\/deneigement\/wp-content\/uploads\/sites\/3\/2021\/12\/cropped-LOGO_HIVER-couleurs_low-res.png\",\"contentUrl\":\"https:\/\/mrapaysagistes.com\/deneigement\/wp-content\/uploads\/sites\/3\/2021\/12\/cropped-LOGO_HIVER-couleurs_low-res.png\",\"width\":180,\"height\":172,\"caption\":\"MRA Neige\"},\"image\":{\"@id\":\"https:\/\/mrapaysagistes.com\/deneigement\/#\/schema\/logo\/image\/\"}}]}<\/script>\n<!-- \/ Yoast SEO plugin. -->","yoast_head_json":{"title":"Soumission - MRA Neige","robots":{"index":"index","follow":"follow","max-snippet":"max-snippet:-1","max-image-preview":"max-image-preview:large","max-video-preview":"max-video-preview:-1"},"canonical":"https:\/\/mrapaysagistes.com\/deneigement\/soumission\/","og_locale":"fr_FR","og_type":"article","og_title":"Soumission - MRA Neige","og_url":"https:\/\/mrapaysagistes.com\/deneigement\/soumission\/","og_site_name":"MRA Neige","article_modified_time":"2025-07-15T16:22:50+00:00","twitter_card":"summary_large_image","twitter_misc":{"Dur\u00e9e de lecture estim\u00e9e":"1 minute"},"schema":{"@context":"https:\/\/schema.org","@graph":[{"@type":"WebPage","@id":"https:\/\/mrapaysagistes.com\/deneigement\/soumission\/","url":"https:\/\/mrapaysagistes.com\/deneigement\/soumission\/","name":"Soumission - MRA Neige","isPartOf":{"@id":"https:\/\/mrapaysagistes.com\/deneigement\/#website"},"datePublished":"2025-07-14T15:14:14+00:00","dateModified":"2025-07-15T16:22:50+00:00","breadcrumb":{"@id":"https:\/\/mrapaysagistes.com\/deneigement\/soumission\/#breadcrumb"},"inLanguage":"fr-FR","potentialAction":[{"@type":"ReadAction","target":["https:\/\/mrapaysagistes.com\/deneigement\/soumission\/"]}]},{"@type":"BreadcrumbList","@id":"https:\/\/mrapaysagistes.com\/deneigement\/soumission\/#breadcrumb","itemListElement":[{"@type":"ListItem","position":1,"name":"Accueil","item":"https:\/\/mrapaysagistes.com\/deneigement\/"},{"@type":"ListItem","position":2,"name":"Soumission"}]},{"@type":"WebSite","@id":"https:\/\/mrapaysagistes.com\/deneigement\/#website","url":"https:\/\/mrapaysagistes.com\/deneigement\/","name":"MRA Neige","description":"Pour une saison hivernale sans tracas","publisher":{"@id":"https:\/\/mrapaysagistes.com\/deneigement\/#organization"},"potentialAction":[{"@type":"SearchAction","target":{"@type":"EntryPoint","urlTemplate":"https:\/\/mrapaysagistes.com\/deneigement\/?s={search_term_string}"},"query-input":"required name=search_term_string"}],"inLanguage":"fr-FR"},{"@type":"Organization","@id":"https:\/\/mrapaysagistes.com\/deneigement\/#organization","name":"MRA Neige","url":"https:\/\/mrapaysagistes.com\/deneigement\/","logo":{"@type":"ImageObject","inLanguage":"fr-FR","@id":"https:\/\/mrapaysagistes.com\/deneigement\/#\/schema\/logo\/image\/","url":"https:\/\/mrapaysagistes.com\/deneigement\/wp-content\/uploads\/sites\/3\/2021\/12\/cropped-LOGO_HIVER-couleurs_low-res.png","contentUrl":"https:\/\/mrapaysagistes.com\/deneigement\/wp-content\/uploads\/sites\/3\/2021\/12\/cropped-LOGO_HIVER-couleurs_low-res.png","width":180,"height":172,"caption":"MRA Neige"},"image":{"@id":"https:\/\/mrapaysagistes.com\/deneigement\/#\/schema\/logo\/image\/"}}]}},"_links":{"self":[{"href":"https:\/\/mrapaysagistes.com\/deneigement\/wp-json\/wp\/v2\/pages\/1294","targetHints":{"allow":["GET"]}}],"collection":[{"href":"https:\/\/mrapaysagistes.com\/deneigement\/wp-json\/wp\/v2\/pages"}],"about":[{"href":"https:\/\/mrapaysagistes.com\/deneigement\/wp-json\/wp\/v2\/types\/page"}],"author":[{"embeddable":true,"href":"https:\/\/mrapaysagistes.com\/deneigement\/wp-json\/wp\/v2\/users\/1"}],"replies":[{"embeddable":true,"href":"https:\/\/mrapaysagistes.com\/deneigement\/wp-json\/wp\/v2\/comments?post=1294"}],"version-history":[{"count":3,"href":"https:\/\/mrapaysagistes.com\/deneigement\/wp-json\/wp\/v2\/pages\/1294\/revisions"}],"predecessor-version":[{"id":1298,"href":"https:\/\/mrapaysagistes.com\/deneigement\/wp-json\/wp\/v2\/pages\/1294\/revisions\/1298"}],"wp:attachment":[{"href":"https:\/\/mrapaysagistes.com\/deneigement\/wp-json\/wp\/v2\/media?parent=1294"}],"curies":[{"name":"wp","href":"https:\/\/api.w.org\/{rel}","templated":true}]}}